[INFO] fetching crate skyway-webrtc-gateway-api 0.0.3...
[INFO] checking skyway-webrtc-gateway-api-0.0.3 against try#72f88fc4e9458f89516a0b8b0868f3718aec5b47 for pr-74989
[INFO] extracting crate skyway-webrtc-gateway-api 0.0.3 into /workspace/builds/worker-6/source
[INFO] validating manifest of crates.io crate skyway-webrtc-gateway-api 0.0.3 on toolchain 72f88fc4e9458f89516a0b8b0868f3718aec5b47
[INFO] running `Command { std: "/workspace/cargo-home/bin/cargo" "+72f88fc4e9458f89516a0b8b0868f3718aec5b47" "read-manifest" "--manifest-path" "Cargo.toml", kill_on_drop: false }`
[INFO] started tweaking crates.io crate skyway-webrtc-gateway-api 0.0.3
[INFO] removed 0 missing examples
[INFO] finished tweaking crates.io crate skyway-webrtc-gateway-api 0.0.3
[INFO] tweaked toml for crates.io crate skyway-webrtc-gateway-api 0.0.3 written to /workspace/builds/worker-6/source/Cargo.toml
[INFO] crate crates.io crate skyway-webrtc-gateway-api 0.0.3 already has a lockfile, it will not be regenerated
[INFO] running `Command { std: "/workspace/cargo-home/bin/cargo" "+72f88fc4e9458f89516a0b8b0868f3718aec5b47" "fetch" "--locked" "--manifest-path" "Cargo.toml", kill_on_drop: false }`
[INFO] [stderr]  Downloading crates ...
[INFO] [stderr]   Downloaded wasm-bindgen v0.2.58
[INFO] [stderr]   Downloaded indexmap v1.3.1
[INFO] [stderr]   Downloaded crossbeam-channel v0.4.0
[INFO] [stderr]   Downloaded wasm-bindgen-webidl v0.2.58
[INFO] [stderr]   Downloaded pin-utils v0.1.0-alpha.4
[INFO] [stderr]   Downloaded web-sys v0.3.35
[INFO] [stderr]   Downloaded futures v0.3.1
[INFO] [stderr]   Downloaded pin-project-lite v0.1.2
[INFO] [stderr]   Downloaded once_cell v1.3.0
[INFO] [stderr]   Downloaded memoffset v0.5.3
[INFO] [stderr]   Downloaded dotenv v0.8.0
[INFO] [stderr]   Downloaded proc-macro-hack v0.5.11
[INFO] [stderr]   Downloaded pin-project-internal v0.4.6
[INFO] [stderr]   Downloaded time v0.1.42
[INFO] [stderr]   Downloaded h2 v0.2.1
[INFO] [stderr]   Downloaded openssl v0.10.26
[INFO] [stderr]   Downloaded security-framework v0.3.4
[INFO] [stderr]   Downloaded futures-io v0.3.1
[INFO] [stderr]   Downloaded futures-executor v0.3.1
[INFO] [stderr]   Downloaded openssl-sys v0.9.53
[INFO] [stderr]   Downloaded dtoa v0.4.4
[INFO] [stderr]   Downloaded regex-syntax v0.6.13
[INFO] [stderr]   Downloaded js-sys v0.3.35
[INFO] [stderr]   Downloaded memchr v2.3.0
[INFO] [stderr]   Downloaded proc-macro-nested v0.1.3
[INFO] [stderr]   Downloaded bytes v0.5.3
[INFO] [stderr]   Downloaded crossbeam-epoch v0.8.0
[INFO] [stderr]   Downloaded futures-util v0.3.1
[INFO] [stderr]   Downloaded hyper v0.13.1
[INFO] [stderr]   Downloaded proc-macro-hack-impl v0.4.2
[INFO] [stderr]   Downloaded native-tls v0.2.3
[INFO] [stderr]   Downloaded wasm-bindgen-backend v0.2.58
[INFO] [stderr]   Downloaded async-task v1.2.1
[INFO] [stderr]   Downloaded crossbeam-utils v0.7.0
[INFO] [stderr]   Downloaded proc-macro-hack v0.4.2
[INFO] [stderr]   Downloaded async-std v1.4.0
[INFO] [stderr]   Downloaded scopeguard v1.0.0
[INFO] [stderr]   Downloaded backtrace v0.3.42
[INFO] [stderr]   Downloaded futures-channel v0.3.1
[INFO] [stderr]   Downloaded crossbeam-deque v0.7.2
[INFO] [stderr]   Downloaded futures-timer v2.0.2
[INFO] [stderr]   Downloaded wasm-bindgen-futures v0.4.8
[INFO] [stderr]   Downloaded kv-log-macro v1.0.4
[INFO] [stderr]   Downloaded regex v1.3.3
[INFO] [stderr]   Downloaded dotenv_codegen v0.11.0
[INFO] [stderr]   Downloaded futures-macro v0.3.1
[INFO] [stderr]   Downloaded wasm-bindgen-macro v0.2.58
[INFO] [stderr]   Downloaded futures-sink v0.3.1
[INFO] [stderr]   Downloaded wasm-bindgen-shared v0.2.58
[INFO] [stderr]   Downloaded mio-uds v0.6.7
[INFO] [stderr]   Downloaded dotenv_codegen_impl v0.1.0
[INFO] [stderr]   Downloaded arc-swap v0.4.4
[INFO] [stderr]   Downloaded tokio-macros v0.2.3
[INFO] [stderr]   Downloaded smallvec v1.1.0
[INFO] [stderr]   Downloaded schannel v0.1.16
[INFO] [stderr]   Downloaded anyhow v1.0.26
[INFO] [stderr]   Downloaded mime_guess v2.0.1
[INFO] [stderr]   Downloaded num_cpus v1.11.1
[INFO] [stderr]   Downloaded futures-task v0.3.1
[INFO] [stderr]   Downloaded unicode-normalization v0.1.11
[INFO] [stderr]   Downloaded security-framework-sys v0.3.3
[INFO] [stderr]   Downloaded pin-project v0.4.6
[INFO] [stderr]   Downloaded weedle v0.10.0
[INFO] [stderr]   Downloaded sourcefile v0.1.4
[INFO] [stderr]   Downloaded reqwest v0.10.1
[INFO] [stderr]   Downloaded bumpalo v3.1.2
[INFO] [stderr]   Downloaded http v0.2.0
[INFO] [stderr]   Downloaded wasm-bindgen-macro-support v0.2.58
[INFO] [stderr]   Downloaded socket2 v0.3.11
[INFO] [stderr]   Downloaded toml v0.5.5
[INFO] [stderr]   Downloaded tokio v0.2.9
[INFO] [stderr]   Downloaded futures-core v0.3.1
[INFO] [stderr]   Downloaded tokio-util v0.2.0
[INFO] running `Command { std: "docker" "create" "-v" "/var/lib/crater-agent-workspace/builds/worker-6/target:/opt/rustwide/target:rw,Z" "-v" "/var/lib/crater-agent-workspace/builds/worker-6/source:/opt/rustwide/workdir:ro,Z" "-v" "/var/lib/crater-agent-workspace/cargo-home:/opt/rustwide/cargo-home:ro,Z" "-v" "/var/lib/crater-agent-workspace/rustup-home:/opt/rustwide/rustup-home:ro,Z" "-e" "SOURCE_DIR=/opt/rustwide/workdir" "-e" "CARGO_TARGET_DIR=/opt/rustwide/target" "-e" "CARGO_HOME=/opt/rustwide/cargo-home" "-e" "RUSTUP_HOME=/opt/rustwide/rustup-home" "-w" "/opt/rustwide/workdir" "-m" "1610612736" "--user" "0:0" "--network" "none" "rustops/crates-build-env@sha256:d92eaeed33fa75130ca1ee6c8a01d1ffb62bac859dfdfb3450e3e5d1c0146529" "/opt/rustwide/cargo-home/bin/cargo" "+72f88fc4e9458f89516a0b8b0868f3718aec5b47" "metadata" "--no-deps" "--format-version=1", kill_on_drop: false }`
[INFO] [stderr] WARNING: Your kernel does not support swap limit capabilities or the cgroup is not mounted. Memory limited without swap.
[INFO] [stdout] c331f797e66133de299d8ee8915e50e13c7bc3bf981663d074362ce2d8264230
[INFO] running `Command { std: "docker" "start" "-a" "c331f797e66133de299d8ee8915e50e13c7bc3bf981663d074362ce2d8264230", kill_on_drop: false }`
[INFO] running `Command { std: "docker" "inspect" "c331f797e66133de299d8ee8915e50e13c7bc3bf981663d074362ce2d8264230", kill_on_drop: false }`
[INFO] running `Command { std: "docker" "rm" "-f" "c331f797e66133de299d8ee8915e50e13c7bc3bf981663d074362ce2d8264230", kill_on_drop: false }`
[INFO] [stdout] c331f797e66133de299d8ee8915e50e13c7bc3bf981663d074362ce2d8264230
[INFO] running `Command { std: "docker" "create" "-v" "/var/lib/crater-agent-workspace/builds/worker-6/target:/opt/rustwide/target:rw,Z" "-v" "/var/lib/crater-agent-workspace/builds/worker-6/source:/opt/rustwide/workdir:ro,Z" "-v" "/var/lib/crater-agent-workspace/cargo-home:/opt/rustwide/cargo-home:ro,Z" "-v" "/var/lib/crater-agent-workspace/rustup-home:/opt/rustwide/rustup-home:ro,Z" "-e" "SOURCE_DIR=/opt/rustwide/workdir" "-e" "CARGO_TARGET_DIR=/opt/rustwide/target" "-e" "CARGO_INCREMENTAL=0" "-e" "RUST_BACKTRACE=full" "-e" "RUSTFLAGS=--cap-lints=forbid" "-e" "CARGO_HOME=/opt/rustwide/cargo-home" "-e" "RUSTUP_HOME=/opt/rustwide/rustup-home" "-w" "/opt/rustwide/workdir" "-m" "1610612736" "--user" "0:0" "--network" "none" "rustops/crates-build-env@sha256:d92eaeed33fa75130ca1ee6c8a01d1ffb62bac859dfdfb3450e3e5d1c0146529" "/opt/rustwide/cargo-home/bin/cargo" "+72f88fc4e9458f89516a0b8b0868f3718aec5b47" "check" "--frozen" "--all" "--all-targets" "--message-format=json", kill_on_drop: false }`
[INFO] [stdout] f85e80bb45af71c851ba129139903fbd4a9abe6e2bf719d6da65adbd6fdfa106
[INFO] [stderr] WARNING: Your kernel does not support swap limit capabilities or the cgroup is not mounted. Memory limited without swap.
[INFO] running `Command { std: "docker" "start" "-a" "f85e80bb45af71c851ba129139903fbd4a9abe6e2bf719d6da65adbd6fdfa106", kill_on_drop: false }`
[INFO] [stderr]    Compiling proc-macro2 v1.0.7
[INFO] [stderr]    Compiling unicode-xid v0.2.0
[INFO] [stderr]     Checking lazy_static v1.4.0
[INFO] [stderr]    Compiling log v0.4.8
[INFO] [stderr]     Checking futures-io v0.3.1
[INFO] [stderr]    Compiling version_check v0.9.1
[INFO] [stderr]    Compiling winapi v0.2.8
[INFO] [stderr]    Compiling serde v1.0.104
[INFO] [stderr]    Compiling native-tls v0.2.3
[INFO] [stderr]    Compiling unicode-xid v0.0.4
[INFO] [stderr]    Compiling utf8-ranges v0.1.3
[INFO] [stderr]    Compiling proc-macro-hack-impl v0.4.2
[INFO] [stderr]    Compiling regex-syntax v0.3.9
[INFO] [stderr]    Compiling quote v0.3.15
[INFO] [stderr]     Checking base64 v0.11.0
[INFO] [stderr]     Checking futures-timer v2.0.2
[INFO] [stderr]     Checking once_cell v1.3.0
[INFO] [stderr]     Checking either v1.5.3
[INFO] [stderr]    Compiling crossbeam-utils v0.7.0
[INFO] [stderr]    Compiling crossbeam-epoch v0.8.0
[INFO] [stderr]    Compiling kernel32-sys v0.2.2
[INFO] [stderr]    Compiling openssl-sys v0.9.53
[INFO] [stderr]    Compiling indexmap v1.3.1
[INFO] [stderr]    Compiling synom v0.11.3
[INFO] [stderr]     Checking thread_local v1.0.1
[INFO] [stderr]     Checking http-body v0.3.1
[INFO] [stderr]     Checking idna v0.2.0
[INFO] [stderr]     Checking encoding_rs v0.8.22
[INFO] [stderr]     Checking net2 v0.2.33
[INFO] [stderr]     Checking memchr v0.1.11
[INFO] [stderr]     Checking async-task v1.2.1
[INFO] [stderr]    Compiling memoffset v0.5.3
[INFO] [stderr]    Compiling syn v0.11.11
[INFO] [stderr]     Checking aho-corasick v0.5.3
[INFO] [stderr]     Checking backtrace v0.3.42
[INFO] [stderr]    Compiling unicase v2.6.0
[INFO] [stderr]     Checking regex v1.3.3
[INFO] [stderr]     Checking thread-id v2.0.0
[INFO] [stderr]     Checking mio v0.6.21
[INFO] [stderr]     Checking want v0.3.0
[INFO] [stderr]     Checking kv-log-macro v1.0.4
[INFO] [stderr]     Checking url v2.1.1
[INFO] [stderr]     Checking thread_local v0.2.7
[INFO] [stderr]    Compiling proc-macro-hack v0.4.2
[INFO] [stderr]     Checking regex v0.1.80
[INFO] [stderr]     Checking crossbeam-channel v0.4.0
[INFO] [stderr]    Compiling quote v1.0.2
[INFO] [stderr]    Compiling mime_guess v2.0.1
[INFO] [stderr]    Compiling openssl v0.10.26
[INFO] [stderr]     Checking crossbeam-deque v0.7.2
[INFO] [stderr]    Compiling syn v1.0.13
[INFO] [stderr]     Checking dotenv v0.8.0
[INFO] [stderr]     Checking mio-uds v0.6.7
[INFO] [stderr]     Checking async-std v1.4.0
[INFO] [stderr]     Checking env_logger v0.6.2
[INFO] [stderr]    Compiling dotenv_codegen_impl v0.1.0
[INFO] [stderr]     Checking dotenv_codegen v0.11.0
[INFO] [stderr]    Compiling synstructure v0.12.3
[INFO] [stderr]    Compiling proc-macro-hack v0.5.11
[INFO] [stderr]    Compiling tokio-macros v0.2.3
[INFO] [stderr]    Compiling serde_derive v1.0.104
[INFO] [stderr]    Compiling pin-project-internal v0.4.6
[INFO] [stderr]    Compiling failure_derive v0.1.6
[INFO] [stderr]     Checking tokio v0.2.9
[INFO] [stderr]     Checking failure v0.1.6
[INFO] [stderr]    Compiling futures-macro v0.3.1
[INFO] [stderr]     Checking pin-project v0.4.6
[INFO] [stderr]     Checking futures-util v0.3.1
[INFO] [stderr]     Checking tokio-util v0.2.0
[INFO] [stderr]     Checking tokio-tls v0.3.0
[INFO] [stderr]     Checking h2 v0.2.1
[INFO] [stderr]     Checking futures-executor v0.3.1
[INFO] [stderr]     Checking futures v0.3.1
[INFO] [stderr]     Checking hyper v0.13.1
[INFO] [stderr]     Checking serde_urlencoded v0.6.1
[INFO] [stderr]     Checking serde_json v1.0.44
[INFO] [stderr]     Checking toml v0.5.5
[INFO] [stderr]     Checking hyper-tls v0.4.1
[INFO] [stderr]     Checking reqwest v0.10.1
[INFO] [stderr]     Checking skyway-webrtc-gateway-api v0.0.3 (/opt/rustwide/workdir)
[INFO] [stdout] error[E0432]: unresolved import `helper`
[INFO] [stdout]    --> src/data/api.rs:132:9
[INFO] [stdout]     |
[INFO] [stdout] 132 |     use helper::server;
[INFO] [stdout]     |         ^^^^^^ use of undeclared type or module `helper`
[INFO] [stdout] 
[INFO] [stdout] 
[INFO] [stdout] error[E0432]: unresolved import `helper`
[INFO] [stdout]    --> src/data/api.rs:310:9
[INFO] [stdout]     |
[INFO] [stdout] 310 |     use helper::server;
[INFO] [stdout]     |         ^^^^^^ use of undeclared type or module `helper`
[INFO] [stdout] 
[INFO] [stdout] 
[INFO] [stdout] error[E0432]: unresolved import `helper`
[INFO] [stdout]    --> src/data/api.rs:531:9
[INFO] [stdout]     |
[INFO] [stdout] 531 |     use helper::server;
[INFO] [stdout]     |         ^^^^^^ use of undeclared type or module `helper`
[INFO] [stdout] 
[INFO] [stdout] 
[INFO] [stdout] error[E0432]: unresolved import `helper`
[INFO] [stdout]    --> src/data/api.rs:799:9
[INFO] [stdout]     |
[INFO] [stdout] 799 |     use helper::server;
[INFO] [stdout]     |         ^^^^^^ use of undeclared type or module `helper`
[INFO] [stdout] 
[INFO] [stdout] 
[INFO] [stdout] error[E0432]: unresolved import `helper`
[INFO] [stdout]     --> src/data/api.rs:1022:9
[INFO] [stdout]      |
[INFO] [stdout] 1022 |     use helper::server;
[INFO] [stdout]      |         ^^^^^^ use of undeclared type or module `helper`
[INFO] [stdout] 
[INFO] [stdout] 
[INFO] [stdout] error[E0432]: unresolved import `helper`
[INFO] [stdout]     --> src/data/api.rs:1391:9
[INFO] [stdout]      |
[INFO] [stdout] 1391 |     use helper::server;
[INFO] [stdout]      |         ^^^^^^ use of undeclared type or module `helper`
[INFO] [stdout] 
[INFO] [stdout] 
[INFO] [stdout] error[E0432]: unresolved import `helper`
[INFO] [stdout]     --> src/data/api.rs:1645:9
[INFO] [stdout]      |
[INFO] [stdout] 1645 |     use helper::server;
[INFO] [stdout]      |         ^^^^^^ use of undeclared type or module `helper`
[INFO] [stdout] 
[INFO] [stdout] 
[INFO] [stdout] error[E0432]: unresolved import `helper`
[INFO] [stdout]    --> src/media/api.rs:168:9
[INFO] [stdout]     |
[INFO] [stdout] 168 |     use helper::server;
[INFO] [stdout]     |         ^^^^^^ use of undeclared type or module `helper`
[INFO] [stdout] 
[INFO] [stdout] 
[INFO] [stdout] error[E0432]: unresolved import `helper`
[INFO] [stdout]    --> src/media/api.rs:398:9
[INFO] [stdout]     |
[INFO] [stdout] 398 |     use helper::server;
[INFO] [stdout]     |         ^^^^^^ use of undeclared type or module `helper`
[INFO] [stdout] 
[INFO] [stdout] 
[INFO] [stdout] error[E0432]: unresolved import `helper`
[INFO] [stdout]    --> src/media/api.rs:617:9
[INFO] [stdout]     |
[INFO] [stdout] 617 |     use helper::server;
[INFO] [stdout]     |         ^^^^^^ use of undeclared type or module `helper`
[INFO] [stdout] 
[INFO] [stdout] 
[INFO] [stdout] error[E0432]: unresolved import `helper`
[INFO] [stdout]    --> src/media/api.rs:800:9
[INFO] [stdout]     |
[INFO] [stdout] 800 |     use helper::server;
[INFO] [stdout]     |         ^^^^^^ use of undeclared type or module `helper`
[INFO] [stdout] 
[INFO] [stdout] 
[INFO] [stdout] error[E0432]: unresolved import `helper`
[INFO] [stdout]     --> src/media/api.rs:1027:9
[INFO] [stdout]      |
[INFO] [stdout] 1027 |     use helper::server;
[INFO] [stdout]      |         ^^^^^^ use of undeclared type or module `helper`
[INFO] [stdout] 
[INFO] [stdout] 
[INFO] [stdout] error[E0432]: unresolved import `helper`
[INFO] [stdout]     --> src/media/api.rs:1257:9
[INFO] [stdout]      |
[INFO] [stdout] 1257 |     use helper::server;
[INFO] [stdout]      |         ^^^^^^ use of undeclared type or module `helper`
[INFO] [stdout] 
[INFO] [stdout] 
[INFO] [stdout] error[E0432]: unresolved import `helper`
[INFO] [stdout]     --> src/media/api.rs:1483:9
[INFO] [stdout]      |
[INFO] [stdout] 1483 |     use helper::server;
[INFO] [stdout]      |         ^^^^^^ use of undeclared type or module `helper`
[INFO] [stdout] 
[INFO] [stdout] 
[INFO] [stdout] error[E0432]: unresolved import `helper`
[INFO] [stdout]     --> src/media/api.rs:1872:9
[INFO] [stdout]      |
[INFO] [stdout] 1872 |     use helper::server;
[INFO] [stdout]      |         ^^^^^^ use of undeclared type or module `helper`
[INFO] [stdout] 
[INFO] [stdout] 
[INFO] [stdout] error[E0432]: unresolved import `helper`
[INFO] [stdout]     --> src/media/api.rs:2112:9
[INFO] [stdout]      |
[INFO] [stdout] 2112 |     use helper::server;
[INFO] [stdout]      |         ^^^^^^ use of undeclared type or module `helper`
[INFO] [stdout] 
[INFO] [stdout] 
[INFO] [stdout] error[E0432]: unresolved import `helper`
[INFO] [stdout]     --> src/media/api.rs:2420:9
[INFO] [stdout]      |
[INFO] [stdout] 2420 |     use helper::server;
[INFO] [stdout]      |         ^^^^^^ use of undeclared type or module `helper`
[INFO] [stdout] 
[INFO] [stdout] 
[INFO] [stdout] error[E0432]: unresolved import `helper`
[INFO] [stdout]    --> src/peer/api.rs:120:9
[INFO] [stdout]     |
[INFO] [stdout] 120 |     use helper::server;
[INFO] [stdout]     |         ^^^^^^ use of undeclared type or module `helper`
[INFO] [stdout] 
[INFO] [stdout] 
[INFO] [stdout] error[E0432]: unresolved import `helper`
[INFO] [stdout]    --> src/peer/api.rs:364:9
[INFO] [stdout]     |
[INFO] [stdout] 364 |     use helper::server;
[INFO] [stdout]     |         ^^^^^^ use of undeclared type or module `helper`
[INFO] [stdout] 
[INFO] [stdout] 
[INFO] [stdout] error[E0432]: unresolved import `helper`
[INFO] [stdout]    --> src/peer/api.rs:867:9
[INFO] [stdout]     |
[INFO] [stdout] 867 |     use helper::server;
[INFO] [stdout]     |         ^^^^^^ use of undeclared type or module `helper`
[INFO] [stdout] 
[INFO] [stdout] 
[INFO] [stdout] error[E0432]: unresolved import `helper`
[INFO] [stdout]     --> src/peer/api.rs:1099:9
[INFO] [stdout]      |
[INFO] [stdout] 1099 |     use helper::server;
[INFO] [stdout]      |         ^^^^^^ use of undeclared type or module `helper`
[INFO] [stdout] 
[INFO] [stdout] 
[INFO] [stdout] warning: unused import: `futures`
[INFO] [stdout]    --> src/data/api.rs:525:9
[INFO] [stdout]     |
[INFO] [stdout] 525 |     use futures::*;
[INFO] [stdout]     |         ^^^^^^^
[INFO] [stdout]     |
[INFO] [stdout]     = note: `#[warn(unused_imports)]` on by default
[INFO] [stdout] 
[INFO] [stdout] 
[INFO] [stdout] warning: unused import: `futures`
[INFO] [stdout]     --> src/data/api.rs:1015:9
[INFO] [stdout]      |
[INFO] [stdout] 1015 |     use futures::*;
[INFO] [stdout]      |         ^^^^^^^
[INFO] [stdout] 
[INFO] [stdout] 
[INFO] [stdout] warning: unused import: `futures`
[INFO] [stdout]    --> src/media/api.rs:162:9
[INFO] [stdout]     |
[INFO] [stdout] 162 |     use futures::*;
[INFO] [stdout]     |         ^^^^^^^
[INFO] [stdout] 
[INFO] [stdout] 
[INFO] [stdout] warning: unused import: `futures`
[INFO] [stdout]    --> src/peer/api.rs:114:9
[INFO] [stdout]     |
[INFO] [stdout] 114 |     use futures::*;
[INFO] [stdout]     |         ^^^^^^^
[INFO] [stdout] 
[INFO] [stdout] 
[INFO] [stdout] error: aborting due to 21 previous errors; 4 warnings emitted
[INFO] [stdout] 
[INFO] [stdout] 
[INFO] [stdout] For more information about this error, try `rustc --explain E0432`.
[INFO] [stdout] 
[INFO] [stderr] error: could not compile `skyway-webrtc-gateway-api`.
[INFO] [stderr] 
[INFO] [stderr] To learn more, run the command again with --verbose.
[INFO] running `Command { std: "docker" "inspect" "f85e80bb45af71c851ba129139903fbd4a9abe6e2bf719d6da65adbd6fdfa106", kill_on_drop: false }`
[INFO] running `Command { std: "docker" "rm" "-f" "f85e80bb45af71c851ba129139903fbd4a9abe6e2bf719d6da65adbd6fdfa106", kill_on_drop: false }`
[INFO] [stdout] f85e80bb45af71c851ba129139903fbd4a9abe6e2bf719d6da65adbd6fdfa106
